 h and 45?
45
Let t(o) = -10*o + 259. Let a be t(25). What is the greatest common factor of a and 1206?
9
Let y(a) = 389*a**2 + a + 2. Let p be y(-1). What is the highest common factor of 30 and p?
30
Let i(m) = 2*m**2 - 8*m. Let j be i(6). Suppose h - 17*h - 80 = 0. Let c(f) = -14*f - 54. Let b be c(h). Calculate the highest common factor of j and b.
8
Let n(j) = 19*j - 191. Let i be n(11). Calculate the greatest common factor of i and 30.
6
Let a = 6 - 2. Suppose a*s = -2*b + 6*b - 352, -5*b + s = -448. Let z(y) = -2*y**2 + 35*y - 7. Let f be z(17). Calculate the greatest common factor of b and f.
10
Suppose 88*k = 110*k - 22. Calculate the highest common factor of 127 and k.
1
Let w(l) = -l**2 + 8*l. Let y be w(8). Suppose 2*p + c + 18 = 0, 5*p - 4*c + 0 + 19 = y. Let i = 17 + p. What is the greatest common divisor of i and 10?
10
Suppose -6*q - 200 = -5*c - 9*q, -3*q = -5*c + 200. Suppose y + v - 12 = 0, 3*y - v = -0*v + c. Calculate the greatest common divisor of 208 and y.
13
Suppose -14*z - 2728 = -76*z. What is the highest common factor of z and 10?
2
Suppose -5*s - 5*y - 265 = 0, 4*s + 4*y = s - 164. Let i be (s/14)/(1/(-14)). What is the highest common divisor of 32 and i?
16
Suppose 0 = -6*w + 4*w + 4. Let k be 36/(-15)*(-5)/w. What is the greatest common factor of 114 and k?
6
Suppose -117 = k - 171. Calculate the greatest common divisor of k and 135.
27
Suppose -5*p - 6138 - 1122 = -2*c, c - p - 3624 = 0. What is the greatest common divisor of c and 10?
10
Suppose -2*z + 195 = 3*l, -8*l - 3*z + 326 = -3*l. What is the highest common divisor of 335 and l?
67
Let i = 3 - -2. Suppose -2*d + 0 = 2*g + 18, -i*d - 30 = 2*g. Let n be ((-4)/g)/((-8)/(-220)). What is the greatest common divisor of 11 and n?
11
Let y = 4 - -2. Suppose -4*j + y*t + 76 = 2*t, 90 = 5*j - 4*t. Let w = 46 + -11. What is the greatest common divisor of w and j?
7
Suppose 9*g = 5*g + 32. Suppose 2*t + g - 2 = 0. Let x be (9 - 6)*(-40)/t. What is the highest common factor of x and 10?
10
Let i(z) = -38*z - 9. Let u(s) = -77*s - 19. Let j(h) = 7*i(h) - 3*u(h). Let n be j(-5). Calculate the greatest common factor of n and 13.
13
Suppose 4*r = -r + 180. Let a(w) = 22*w + 2. Let m be a(4). What is the greatest common factor of r and m?
18
Let z = 46 + -11. Let n(y) = 14*y - 321. Let b be n(24). Calculate the highest common factor of z and b.
5
Let g(b) = 7*b + 3. Let h be 1 + (-5)/(15/(-6)). Let l be g(h). Let o be (-132 - 0)*(-8)/l. Calculate the highest common factor of 22 and o.
22
Let m(a) = -a**2 - 37*a - 178. Let k be m(-30). What is the highest common factor of k and 272?
16
Let x(c) = -c**2 - 7*c + 186. Let h be x(-13). Suppose -v = 5 - 17. Calculate the greatest common factor of h and v.
12
Let q be 255/(-5) + 0 + -3. Let g = -23 - q. Suppose 5*f = -2*x - 20 + 78, -3*f + g = 5*x. Calculate the greatest common divisor of f and 24.
12
Suppose 0*s + s = 10. Suppose f + 5 = -k, 2*f + 18 = -2*f - 2*k. Let b(a) = -8*a - 2. Let g be b(f). Calculate the greatest common divisor of g and s.
10
Suppose 11*a + 14*a - 50 = 0. Calculate the greatest common divisor of 32 and a.
2
Let g(m) = 19*m - 130. Let t be g(9). Calculate the highest common factor of 451 and t.
41
Let r = 82 + -31. Let d = r - 41. Calculate the highest common divisor of d and 50.
10
Let i be 3*((-2)/(-3))/(-2). Let x be (-37 - i) + 0 + 2. Let y = x + 50. Calculate the greatest common factor of 16 and y.
16
Suppose 0*h = h - 12. Let o = h - 38. Let d = -5 - o. Calculate the highest common divisor of 231 and d.
21
Suppose 0 = -3*c - 2*z + 40 - 11, 0 = -3*z + 3. Let q(t) = 3 + t**2 - 2*t - c*t + 13. Let s be q(11). What is the greatest common factor of s and 128?
16
Let m(o) = 0*o - 8*o**2 + o - o**3 + 4*o**2 - 1 - 4*o. Let v be m(-3). Let p be 131 + 0 + 2 + v. What is the highest common factor of 12 and p?
12
Let h = -752 - -922. Calculate the greatest common divisor of 153 and h.
17
Let s = 47 + -31. Calculate the greatest common divisor of 400 and s.
16
Suppose 5*c = 5*u - 1365, 4*c + 211 = 5*u - 1154. What is the greatest common factor of u and 84?
21
Suppose -6 + 0 = -2*w, 0 = 3*g + 4*w - 84. Suppose 3*c - 2*j = -j + 58, 2*j + 11 = c. Suppose -3*o - c = -10*o. What is the highest common divisor of o and g?
3
Let q be 6/(-2) + (-6 - 66). Let t = -33 - q. Let n = 65 + -59. Calculate the highest common factor of n and t.
6
Let n = 34 - 28. Let m = n - 2. What is the highest common divisor of 44 and m?
4
Suppose -2 = -3*t - b + 2, -2*t = 5*b + 19. Suppose 2*f - 115 = -t*f. Let i = -97 - -350. What is the greatest common factor of f and i?
23
Let i(c) = 440*c**2 - 3*c - 11. Let p be i(5). Let g be 4/(-5) - p/(-155). Calculate the highest common factor of 10 and g.
10
Let s(j) = -j**3 + 9*j**2 - 6*j. Let p be s(8). Let d be (-128)/(-7) - (-6)/(-105)*5. Let u = d - p. Calculate the highest common divisor of u and 10.
2
Let x(u) = u**3 - 11*u**2 - 11*u - 11. Let j be x(12). Let i be -6*(1 + j/2). Let v be (-2 - -14)*(-174)/i. What is the highest common factor of 29 and v?
29
Let p be (-22)/(-77)*-1 + (-1829)/(-7). Calculate the greatest common divisor of 116 and p.
29
Suppose 0 = -2*q + 3*q + 153. Let z = -32 - q. Suppose 0 = -w + 5*h + 122, 4*h = w - 0*h - z. Calculate the highest common factor of w and 13.
13
Let j be -4*(0 + (-2 - 2)). Let n(r) = -r**2 + 10*r - 4. Let t be n(10). Let y = t + j. Calculate the greatest common divisor of y and 96.
12
Suppose -12*m = -11*m - 54. What is the greatest common factor of 432 and m?
54
Let m be 9*8/36 - (-2 + -64). What is the greatest common divisor of m and 1836?
68
Let g(f) = f**3 - 5*f**2 + 5*f - 3. Let z be g(4). Suppose -z - 11 = -3*b. Suppose -b*i + 45 = -i. What is the highest common factor of i and 5?
5
Let g(j) = -j**3 - 8*j**2 - 11. Let f be g(-9). Let m be (96/28)/(4/f). Suppose -y - 4*y = -m. What is the highest common divisor of y and 108?
12
Suppose 7*y - 56 = 91. Calculate the highest common factor of y and 9.
3
Let d(b) = b**3 - b**2 + 4*b - 6. Let l be d(5). Let m = 116 - l. Suppose 5*p + 15 = 0, 0 = 5*s + p + 27 - 94. What is the greatest common divisor of s and m?
2
Suppose -3*i - 1061 = 5*v, -2*i + v + 1392 = -6*i. Let d = i + 743. Suppose q - 4*q + d = 0. Calculate the highest common factor of q and 12.
12
Suppose -3*j + 5*j = 5*h + 3, -2*h + 6 = j. What is the highest common factor of j and 9?
1
Suppose p = 3*y - 567 + 108, 0 = y - p - 153. What is the highest common divisor of 34 and y?
17
Suppose 20*q - 17*q - 6 = 0. Suppose q*h + 4*g = 36, -2*h + 4*g + 5 - 1 = 0. What is the greatest common divisor of 90 and h?
10
Suppose 76 = b + b. Let d be (-197 - 1)/(b/(-19)). What is the greatest common factor of d and 11?
11
Let u be 86 - 5 - (0 + 0). Let j be 6776/378 + (-14)/(-189). Calculate the highest common factor of j and u.
9
Let n(j) = -j + 5. Let w be n(-11). Suppose w*s + 476 = 20*s. What is the highest common divisor of s and 17?
17
Let c = 24 - 13. Let g = -32 - -29. Let l(p) = 9*p**2 + 2*p + 2. Let f be l(g). Calculate the greatest common divisor of c and f.
11
Suppose -d + 3*w + w - 5 = 0, -5*d = -3*w - 60. Let k(r) = -r**3 + 11*r**2 + 5*r - 12. Let s be k(9). Calculate the greatest common divisor of s and d.
15
Suppose -c = 4*z - 3*c, 0 = z - 5*c + 9. Let o be 24/18 + z/(-3). Let i = 24 + -16. What is the greatest common divisor of o and i?
1
Let w be 175/105 + (-1820)/(-6). What is the highest common divisor of w and 244?
61
Let b be (-3)/(68/20 - 4). Suppose -4 = z + b*p, 1 = p + 2. Suppose 3*w - 4*y = 5, -z = 2*w - 3*y - 4. What is the greatest common divisor of 1 and w?
1
Suppose -20 = 4*r, 4*r - 56 = -g + 8*r. Suppose -2*m + 0*m + 18 = -2*q, 36 = 4*m - 5*q. What is the greatest common factor of g and m?
9
Let n = 701 + -413. Suppose -7*w = -w - n. Calculate the greatest common factor of 32 and w.
16
Suppose -5*y + 6 = -3*y. Suppose 3*t + t - 412 = y*z, 3*z - 188 = -2*t. Suppose 2639 + 521 = 79*i. Calculate the highest common divisor of t and i.
20
Let q be 30 + -18 - (-4 + 1). Let b be (12 - q)*40/(-3). Calculate the highest common factor of b and 8.
8
Suppose 3*n - 27 = -3*w + 69, 0 = -5*w + 4*n + 142. What is the greatest common factor of 6 and w?
6
Suppose 0 = -7*o + 8*o - 5. Suppose -3*l = -o*l + 28. Suppose l = 3*b - 4. C